
Convert 320506 (base 7) to base 11.
38751
What is -111201121 (base 3) in base 8?
-23426
Convert -2b0 (base 14) to base 8.
-1042
Convert -110111101000110 (base 2) to base 7.
-146023
What is 1224 (base 15) in base 8?
7423
-4449 (base 10) to base 16
-1161
Convert 351 (base 7) to base 11.
157
Convert -6eb (base 15) to base 8.
-3043
What is 10010110110111 (base 2) in base 13?
4519
Convert -122221 (base 4) to base 14.
-89b
Convert -13640 (base 9) to base 6.
-110530
-318aa (base 11) to base 9
-70511
Convert 21320 (base 9) to base 3.
201100200
What is -1634 (base 7) in base 15?
-2e2
What is -1101001111 (base 2) in base 13?
-502
Convert ec8 (base 16) to base 5.
110114
-df9d (base 16) to base 10
-57245
Convert -11101110110101 (base 2) to base 12.
-8a19
What is 1a4 (base 15) in base 16?
17b
What is -6703 (base 9) in base 13?
-2334
What is 13632 (base 7) in base 14?
1519
Convert 920b (base 12) to base 4.
3313223
What is 9733 (base 16) in base 9?
58077
Convert 13424 (base 10) to base 11.
a0a4
-4265 (base 8) to base 3
-10001120
-3a9 (base 13) to base 14
-342
197da (base 14) to base 16
fca4
-425 (base 9) to base 14
-1ab
-1566 (base 7) to base 14
-336
Convert 10220 (base 4) to base 12.
208
Convert 517 (base 10) to base 7.
1336
-32bd (base 16) to base 10
-12989
2419 (base 15) to base 7
31242
-20330 (base 5) to base 12
-938
Convert -1314 (base 11) to base 7.
-4661
What is 2821 (base 9) in base 8?
4115
Convert 9004 (base 14) to base 8.
60174
Convert 20200102 (base 3) to base 4.
1030013
What is 764 (base 9) in base 13?
391
What is -33203 (base 4) in base 16?
-3e3
-1312 (base 7) to base 11
-414
What is 12241 (base 7) in base 16?
c8e
Convert 107d (base 16) to base 6.
31313
-8948 (base 11) to base 9
-17148
What is 70 (base 15) in base 2?
1101001
1226 (base 9) to base 7
2445
What is -14005 (base 6) in base 10?
-2165
-3310 (base 5) to base 13
-290
-351 (base 11) to base 4
-12203
What is -241b (base 13) in base 15?
-1799
2186 (base 13) to base 8
11101
-ad (base 14) to base 8
-231
Convert -1011001010100111 (base 2) to base 12.
-22573
What is -5345 (base 8) in base 7?
-11063
Convert -1113103 (base 4) to base 13.
-270a
-210001 (base 3) to base 5
-4233
14cd (base 15) to base 9
6114
Convert -5540 (base 6) to base 9.
-1676
Convert 213031 (base 5) to base 6.
53350
Convert -354 (base 12) to base 16.
-1f0
Convert -345 (base 8) to base 11.
-199
What is -363b (base 12) in base 10?
-6095
What is 63ef (base 16) in base 10?
25583
What is -9232 (base 11) in base 12?
-7114
What is -68 (base 11) in base 10?
-74
66600 (base 8) to base 12
14280
What is -550 (base 7) in base 2?
-100011000
1121220 (base 3) to base 10
1185
66 (base 15) to base 7
165
What is -3330 (base 4) in base 11?
-20a
What is 21340 (base 5) in base 11?
1117
Convert 143b (base 12) to base 8.
4457
-110101111 (base 2) to base 14
-22b
1100001000110 (base 2) to base 13
2aa0
What is 200210 (base 3) in base 16?
1fb
Convert -404141 (base 5) to base 10.
-13046
147 (base 10) to base 12
103
What is 22050 (base 8) in base 13?
42a0
Convert 1100000101001 (base 2) to base 7.
24014
What is -331111 (base 4) in base 10?
-3925
What is 243233 (base 5) in base 11?
69a8
What is ac3 (base 14) in base 5?
32011
354e (base 15) to base 3
120112102
Convert -7a4 (base 11) to base 14.
-4c9
Convert 165 (base 14) to base 2.
100011101
88 (base 12) to base 3
10212
What is -13684 (base 9) in base 2?
-10010001011110
-1023 (base 5) to base 10
-138
136300 (base 8) to base 16
bcc0
-74 (base 15) to base 10
-109
-310044 (base 5) to base 15
-2e84
-243232 (base 5) to base 4
-2033220
Convert 9c1 (base 14) to base 12.
1151
What is -281 (base 11) in base 9?
-407
Convert -8764 (base 10) to base 13.
-3cb2
What is -1a331 (base 13) in base 5?
-3113303
What is 8da1 (base 14) in base 15?
747b
-172 (base 12) to base 11
-19a
What is 512 (base 8) in base 6?
1310
Convert 11045 (base 11) to base 5.
1003041
Convert -125376 (base 8) to base 14.
-11d4a
What is -2213 (base 5) in base 16?
-134
Convert 478 (base 14) to base 13.
536
2130 (base 6) to base 7
1263
Convert -52531 (base 8) to base 16.
-5559
What is 1b1 (base 14) in base 13?
210
-25372 (base 11) to base 13
-13735
13131230 (base 4) to base 15
90d2
What is -17b16 (base 13) in base 10?
-45818
What is 130321 (base 4) in base 16?
739
What is -107338 (base 9) in base 3?
-10021101022
Convert 1034 (base 14) to base 15.
c60
What is -50 (base 7) in base 6?
-55
What is 182 (base 11) in base 9?
254
Convert -c60 (base 16) to base 3.
-11100100
What is -41516 (base 8) in base 3?
-212122011
Convert 489 (base 14) to base 9.
1215
Convert -1dbb (base 14) to base 2.
-1010101010001
-7a5 (base 15) to base 9
-2332
Convert 136 (base 13) to base 16.
d6
-d9 (base 16) to base 11
-188
What is -78a (base 13) in base 7?
-3532
What is -38e (base 16) in base 4?
-32032
Convert 1653 (base 10) to base 9.
2236
What is d6b (base 14) in base 8?
5123
What is 1805 (base 12) in base 2?
101101000101
Convert 6821 (base 16) to base 6.
323225
a074 (base 12) to base 6
212224
Convert 21985 (base 11) to base 2.
111110000110011
What is 12101 (base 5) in base 13?
544
-1101010110 (base 2) to base 6
-3542
Convert 2221 (base 6) to base 8.
1005
Convert -24410 (base 7) to base 12.
-3835
Convert -250151 (base 6) to base 2.
-101011001010011
What is -114345 (base 8) in base 14?
-1039b
c987 (base 14) to base 15
a4ab
110100000 (base 2) to base 8
640
-102022 (base 3) to base 13
-1a6
-735 (base 14) to base 10
-1419
Convert 7e07 (base 15) to base 10.
26782
Convert 2698 (base 13) to base 16.
159d
Convert -133010 (base 4) to base 3.
-2201122
-809 (base 10) to base 12
-575
Convert -1301132 (base 4) to base 7.
-30113
121021201 (base 3) to base 7
46420
What is -1010010010 (base 2) in base 14?
-350
354 (base 9) to base 11
246
20020 (base 6) to base 9
3513
-2242 (base 5) to base 7
-640
Convert 22304 (base 7) to base 15.
1a0e
Convert 45210 (base 6) to base 14.
2450
Convert 1201023 (base 4) to base 16.
184b
What is 184 (base 10) in base 14?
d2
Convert 2d8 (base 15) to base 16.
28d
Convert -129 (base 16) to base 9.
-360
Convert 1220 (base 12) to base 5.
31130
What is 139a (base 16) in base 14?
1b86
202 (base 3) to base 5
40
What is 3605 (base 7) in base 10?
1328
Convert -12011200 (base 3) to base 4.
-322323
What is -192c (base 13) in base 12?
-2210
Convert 67 (base 9) to base 16.
3d
Convert 11000110000001 (base 2) to base 11.
9581
Convert 185 (base 9) to base 3.
12212
Convert 1027 (base 10) to base 4.
100003
4557 (base 12) to base 5
221244
-10300 (base 8) to base 10
-4288
Convert 605 (base 15) to base 6.
10135
What is 1022021021 (base 3) in base 9?
38237
What is -3123 (base 12) in base 2?
-1010011101011
9c40 (base 15) to base 5
2030020
What is -20322 (base 7) in base 14?
-1b49
What is 230 (base 6) in base 7?
156
Convert -32300 (base 4) to base 13.
-578
11974 (base 11) to base 10
17142
9cc (base 15) to base 16
8a9
-b6d (base 16) to base 4
-231231
2756 (base 15) to base 7
33336
What is b214 (base 13) in base 5?
1241042
What is 1103230 (base 4) in base 10?
5356
What is 11112302 (base 4) in base 16?
55b2
Convert -3844 (base 11) to base 16.
-1391
-1012212 (base 3) to base 6
-4035
336 (base 11) to base 16
192
What is 3330 (base 5) in base 16?
1d1
What is 124ac (base 13) in base 14?
c445
What is 1d96 (base 16) in base 5?
220244
Convert -1430 (base 14) to base 4.
-313302
1313 (base 7) to base 6
2152
5938 (base 10) to base 16
1732
3932 (base 14) to base 2
10011100111000
Convert 3290 (base 12) to base 6.
41500
What is 29b9 (base 13) in base 5?
143232
What is 402d (base 15) in base 16?
34e7
-535b (base 15) to base 11
-12283
-496 (base 14) to base 8
-1624
3116 (base 8) to base 11
1238
-45234 (base 6) to base 5
-200413
Convert -1020022012 (base 3) to base 16.
-5ed6
Convert -3231 (base 5) to base 3.
-121100
What is -164 (base 12) in base 6?
-1004
Convert -3779 (base 10) to base 12.
-222b
Convert 1714 (base 8) to base 15.
44c
Convert 26b9 (base 12) to base 8.
10555
What is 2105 (base 8) in base 3?
1111111
6087 (base 11) to base 4
1332101
17e (base 15) to base 7
1001
297 (base 10) to base 4
10221
1182 (base 14) to base 11
2327
Convert a30 (base 13) to base 4.
123001
1001111101101111 (base 2) to base 6
512543
112220221 (base 3) to base 13
4c4b
What is -10100001 (base 2) in base 16?
-a1
What is -19614 (ba